 2*x(y). Let b be h(o). What is the greatest common factor of b and 36?
12
Let g(x) = x**2 + x - 1. Let s be g(2). Suppose 0 = -s*t + 107 + 53. What is the highest common factor of 24 and t?
8
Let q = -156 + 456. What is the greatest common divisor of 15 and q?
15
Suppose 0 = -350*n + 352*n - 250. Calculate the highest common divisor of 10 and n.
5
Suppose 4 + 1 = 5*y. Let h be (1 + y)*1/2. Let j be (4*(-1)/(-5))/(8/80). Calculate the greatest common divisor of h and j.
1
Let t(x) = 4*x + 4. Let u be t(6). Let g = -59 + 64. Let i be 982/5 - 2/g. Calculate the highest common factor of i and u.
28
Suppose -14*i - 4*v + 156 = -9*i, -5*i + 120 = -5*v. Calculate the highest common divisor of 98 and i.
14
Let h be (-3 - -5 - 3)*-3. Suppose -3*p + 62 = -h*r - 67, 3*p = r + 127. What is the greatest common factor of 56 and p?
14
Let p(r) = -2*r**2 + 13*r + 9. Let u be p(7). Suppose 3*c - u = 4. What is the greatest common divisor of c and 16?
2
Let g(w) = -11*w - 16. Let o be g(-2). What is the greatest common factor of 18 and o?
6
Let z(l) = -l**2 + l. Let p(q) = -6*q**2 + 32*q + 15. Let g(w) = -p(w) + 4*z(w). Let r be g(15). What is the greatest common divisor of r and 75?
15
Let m be 4/12 - 29/(-3). Let i(t) = -t**3 + 10*t**2 - t + 18. Let v be i(m). Suppose 2*h + 0 - 4 = 0. Calculate the highest common divisor of v and h.
2
Suppose -15 = 4*g + 29. Let b be (-34)/6*g*3. Suppose -5*n = 10, -3*n - 19 = -q - 2*n. Calculate the greatest common divisor of b and q.
17
Suppose -q = -10 + 3. Let n(k) = -4*k**2 + 30*k + 8. Let o be n(q). Let r = 63 - -3. Calculate the greatest common divisor of r and o.
22
Let j = 11618 + -11586. Let v(o) = 97*o - 3. Let f be v(3). What is the greatest common divisor of f and j?
32
Let z = -460 - -565. What is the greatest common factor of 30 and z?
15
Let u = -774 - -781. Calculate the highest common divisor of 35 and u.
7
Let n(z) = 14*z + 103. Let a be n(-6). What is the highest common divisor of a and 1?
1
Let b(i) = i**3 - 4*i**2 - 2*i - 3. Suppose 19*v + 25 = 24*v. Let x be b(v). What is the highest common divisor of 72 and x?
12
Suppose -16*c + 5 = -15*c. Suppose -3*x + 76 = 4*y, 5*y + 80 = c*x - 0*y. Calculate the highest common factor of x and 20.
20
Suppose 4*j - 4*x - 52 = 0, -x + 3 = -2. What is the greatest common factor of 63 and j?
9
Suppose -39*u - 216 = -879. What is the greatest common factor of 1853 and u?
17
Let r(h) be the second derivative of 23*h**5/20 + h**4/12 - h**3/6 - h**2/2 + 11*h. Let b be r(1). Calculate the highest common factor of b and 44.
22
Suppose 3*s - 261 = -3*v, 0 = -17*v + 22*v - 25. Calculate the highest common factor of 2 and s.
2
Suppose 53*m - 360 = 38*m. What is the greatest common factor of 1272 and m?
24
Let a(s) = 20*s**2 + 2*s + 1. Let o be a(-2). Suppose 4*d = o + 3. Suppose -12 = -w - 2*w. Calculate the highest common divisor of d and w.
4
Suppose 5*p - 31 = 5*h - 3*h, 0 = 2*p + 5*h + 5. Suppose 4*j + 3*a = 552, -j - p*a = -105 - 50. Calculate the highest common factor of j and 15.
15
Let w(a) = -a**3 + 12*a**2 - 27*a + 4. Let n be w(9). What is the highest common factor of n and 44?
4
Suppose -4*s + 3*z = -z - 700, 0 = 2*s + 3*z - 345. What is the greatest common divisor of 406 and s?
58
Suppose 3*x = 4*s - 100 - 176, -8 = 2*x. Suppose s*f - 61*f = 35. Suppose -12*w + 180 = -f*w. What is the highest common divisor of 9 and w?
9
Suppose 4*y = 5*b - 580, 2*y + 340 = 3*b - 2*y. Suppose 0 = -5*u - 36 + 111. What is the greatest common divisor of b and u?
15
Suppose 38*s + 54 = 39*s. What is the greatest common divisor of 351 and s?
27
Suppose -6*c + 2*y = -4*c - 56, -4*y = -3*c + 89. What is the greatest common factor of c and 299?
23
Suppose 751 - 140 = 13*w. What is the highest common divisor of 423 and w?
47
Let g = 76 + -65. Suppose g*d + 270 = 754. Calculate the highest common divisor of 11 and d.
11
Suppose 2*y + 2*o = 5*y - 8, o + 4 = 2*y. Let w be 17 + 7 + y + -1 + 5. What is the greatest common factor of w and 7?
7
Let y be -66*(4/(-8))/1. Let c be 6*(-3 + (-2)/(-4)). Let w = y - c. Calculate the greatest common factor of 24 and w.
24
Let l = -348 + 384. Let q be (-47 + 2)*2/(-5). Calculate the highest common divisor of q and l.
18
Suppose 3*b - 5*b - 15 = -5*o, -b + 2*o = 6. Let h(z) = z**2 - 5*z + 47. Let t be h(b). What is the greatest common factor of t and 376?
47
Suppose -7*j - 150 = -11*j - 2*p, -p + 5 = 0. What is the greatest common divisor of 84 and j?
7
Suppose 22*c - 3264 = 5*c. Calculate the greatest common factor of 24 and c.
24
Let u(t) be the first derivative of 5*t**3 - 3*t**2/2 - t + 11. Let p be u(-3). What is the greatest common factor of 13 and p?
13
Suppose -2*f + 129 = -5*t, -4*f - 3*t + 86 + 211 = 0. Suppose 0 = -r - 5*r + f. Calculate the greatest common factor of r and 9.
3
Suppose -360 = -3*v + m, -v + 2*v - 120 = -4*m. Suppose -5*k - 21 + 66 = 5*t, -3*k = -3*t - 63. What is the highest common divisor of v and k?
15
Suppose 6*n + 1180 = 11*n. Let i = n + -71. Calculate the highest common divisor of 15 and i.
15
Let r be ((-32)/(-96))/((-3)/(-576)). What is the highest common factor of 28 and r?
4
Let y = -529 + 539. Calculate the greatest common factor of 110 and y.
10
Suppose l + v - 62 = 4*v, -l + 66 = -5*v. Let k = -9 - -33. Suppose -8*j - k = -11*j. Calculate the highest common factor of j and l.
8
Let r = -63 + 17. Let d = -28 - r. Calculate the greatest common divisor of 2 and d.
2
Let o(l) = l**3 - 9*l**2 + 3*l - 21. Let i be o(9). Suppose -4 = -4*z, -v - 2*z + 29 = -i*z. Calculate the greatest common factor of 22 and v.
11
Let h = 817 + -502. Suppose 5*o + 75 = h. Let a = -107 - -227. What is the highest common divisor of a and o?
24
Let m = -58 + 66. Let j be (-3)/(-12) - (-390)/m. What is the highest common factor of 7 and j?
7
Let k(f) = 10*f**3 - f**2 + f. Let n be k(2). Let x(o) = 2 - 3 - 1 - 6*o. Let b be x(-9). Calculate the highest common factor of n and b.
26
Suppose -k + 3 = -0*k. Let o = k + -2. Let y = o - -7. Calculate the greatest common factor of 8 and y.
8
Let t(f) be the third derivative of -f**5/60 + f**3/3 + 3*f**2. Let k be t(3). Let m = 7 - k. Calculate the greatest common factor of 98 and m.
14
Suppose -6*j - 48 = -150. Suppose 13 = 3*y - 4*n, j = 4*y - 0*n - 5*n. What is the highest common divisor of y and 33?
3
Suppose 0 = -4*z - 8, -2*z + 0*z = 2*k - 134. Suppose 0 = -14*t + 37*t - 529. What is the greatest common divisor of k and t?
23
Let v = 1 + 5. Let u be (-51)/v*-3*(-56)/(-12). What is the highest common divisor of 17 and u?
17
Suppose -3 = 4*q + 5. Let o(w) = -w**3 + 4. Let i be o(q). Calculate the highest common factor of i and 36.
12
Suppose -n + 287 = 3*z, 0*n + 188 = 2*z - n. Let d = z - 59. Let w = -31 + 40. Calculate the greatest common factor of d and w.
9
Let l(o) = o - 4. Let z be l(6). Suppose -2*x + 1 - 13 = 0. Let p be ((-9)/x)/((-6)/(-56)). Calculate the highest common factor of z and p.
2
Let m be -3 + (40 - (-5 + 3)). What is the highest common factor of m and 169?
13
Suppose 8*n - 41*n + 462 = 0. What is the highest common factor of 427 and n?
7
Suppose 4*v = -5*o + 3 + 70, -v + 82 = 5*o. Calculate the greatest common factor of o and 68.
17
Suppose -459 = -l - 2*p, -5*l + 3*p = -3*l - 925. Suppose -17*x + 134 = -l. Calculate the highest common divisor of x and 7.
7
Let w = 62 + -127. Let h = w - -97. What is the highest common divisor of 8 and h?
8
Suppose -3*w - 4*m = -9, 16*w - 5*m + 6 = 18*w. Let c be 317/15 - 8/(-300)*-5. Calculate the highest common factor of c and w.
3
Suppose -13 = -7*u + 6*u. Suppose 17 = 2*i - u. What is the greatest common factor of 3 and i?
3
Let d be (-12)/(((-83)/(-28) - 3)*2). What is the greatest common divisor of d and 24?
24
Let b(n) = -2*n**3 - n**2 + 5*n - 6. Suppose h - 4*i + 26 = 0, -5*h + 3*h = -3*i + 27. Let v be b(h). Calculate the highest common divisor of 18 and v.
18
Let m = 605 - 590. Calculate the greatest common factor of 160 and m.
5
Suppose -2*n - 92 = -2*t, -t = 4*n - n - 38. Let k be 6/(-33) + 712/t + 4. Let u be (-1 - -2) + 158 + 1. What is the greatest common factor of k and u?
20
Suppose v + 4*n = 430 + 83, -1603 = -3*v + 4*n. Calculate the highest common factor of v and 23.
23
Let p = -74 + 182. Suppose 48 = -86*h + 88*h. What